
8
What is the hundreds digit of 992?
9
What is the units digit of 14584?
4
What is the units digit of 1856?
6
What is the tens digit of 21741?
4
What is the tens digit of 155?
5
What is the thousands digit of 3214?
3
What is the tens digit of 178?
7
What is the thousands digit of 23719?
3
What is the units digit of 63180?
0
What is the thousands digit of 2222?
2
What is the units digit of 240?
0
What is the hundreds digit of 1787?
7
What is the hundreds digit of 265?
2
What is the ten thousands digit of 49691?
4
What is the tens digit of 3086?
8
What is the tens digit of 106?
0
What is the tens digit of 1001?
0
What is the tens digit of 1110?
1
What is the hundreds digit of 1136?
1
What is the thousands digit of 2647?
2
What is the units digit of 896?
6
What is the units digit of 916?
6
What is the tens digit of 8140?
4
What is the hundreds digit of 51133?
1
What is the hundreds digit of 12140?
1
What is the hundreds digit of 21539?
5
What is the ten thousands digit of 58119?
5
What is the tens digit of 9792?
9
What is the thousands digit of 13135?
3
What is the tens digit of 405?
0
What is the tens digit of 7318?
1
What is the thousands digit of 1257?
1
What is the thousands digit of 10388?
0
What is the ten thousands digit of 12654?
1
What is the units digit of 12863?
3
What is the units digit of 1331?
1
What is the ten thousands digit of 46106?
4
What is the tens digit of 67417?
1
What is the thousands digit of 11454?
1
What is the units digit of 1849?
9
What is the tens digit of 3243?
4
What is the hundreds digit of 12744?
7
What is the ten thousands digit of 10962?
1
What is the thousands digit of 28010?
8
What is the tens digit of 7063?
6
What is the tens digit of 1408?
0
What is the thousands digit of 13602?
3
What is the tens digit of 3952?
5
What is the tens digit of 32837?
3
What is the ten thousands digit of 32527?
3
What is the units digit of 367?
7
What is the tens digit of 2383?
8
What is the hundreds digit of 24671?
6
What is the thousands digit of 14714?
4
What is the hundreds digit of 198?
1
What is the units digit of 817?
7
What is the units digit of 6683?
3
What is the tens digit of 23410?
1
What is the units digit of 2146?
6
What is the units digit of 1248?
8
What is the hundreds digit of 36712?
7
What is the units digit of 1660?
0
What is the hundreds digit of 863?
8
What is the tens digit of 58340?
4
What is the hundreds digit of 18928?
9
What is the units digit of 11474?
4
What is the ten thousands digit of 22373?
2
What is the ten thousands digit of 28512?
2
What is the units digit of 114915?
5
What is the units digit of 633?
3
What is the thousands digit of 7227?
7
What is the tens digit of 1058?
5
What is the hundreds digit of 1508?
5
What is the units digit of 5087?
7
What is the hundreds digit of 470?
4
What is the thousands digit of 43679?
3
What is the tens digit of 34?
3
What is the units digit of 209?
9
What is the hundreds digit of 768?
7
What is the tens digit of 86184?
8
What is the units digit of 410?
0
What is the hundreds digit of 29035?
0
What is the ten thousands digit of 31023?
3
What is the ten thousands digit of 18710?
1
What is the tens digit of 3545?
4
What is the units digit of 1446?
6
What is the ten thousands digit of 47503?
4
What is the thousands digit of 30586?
0
What is the hundreds digit of 1491?
4
What is the units digit of 4028?
8
What is the hundreds digit of 1590?
5
What is the units digit of 826?
6
What is the units digit of 1352?
2
What is the thousands digit of 10604?
0
What is the thousands digit of 4125?
4
What is the tens digit of 52675?
7
What is the tens digit of 108633?
3
What is the thousands digit of 5063?
5
What is the units digit of 87086?
6
What is the tens digit of 2036?
3
What is the thousands digit of 1105?
1
What is the hundreds digit of 12386?
3
What is the tens digit of 63?
6
What is the ten thousands digit of 11633?
1
What is the hundreds digit of 14556?
5
What is the thousands digit of 6326?
6
What is the thousands digit of 52567?
2
What is the hundreds digit of 2952?
9
What is the units digit of 2107?
7
What is the thousands digit of 49879?
9
What is the hundreds digit of 22870?
8
What is the tens digit of 831?
3
What is the units digit of 31369?
9
What is the hundreds digit of 6897?
8
What is the tens digit of 1080?
8
What is the tens digit of 2921?
2
What is the hundreds digit of 1558?
5
What is the hundreds digit of 528?
5
What is the tens digit of 21783?
8
What is the thousands digit of 2171?
2
What is the tens digit of 136?
3
What is the units digit of 20992?
2
What is the tens digit of 50574?
7
What is the tens digit of 11359?
5
What is the tens digit of 13957?
5
What is the hundreds digit of 3441?
4
What is the hundreds digit of 36547?
5
What is the hundreds digit of 914?
9
What is the hundreds digit of 287?
2
What is the hundreds digit of 3809?
8
What is the thousands digit of 61843?
1
What is the tens digit of 7273?
7
What is the tens digit of 16107?
0
What is the tens digit of 114?
1
What is the units digit of 1478?
8
What is the tens digit of 3219?
1
What is the tens digit of 25157?
5
What is the units digit of 296?
6
What is the hundreds digit of 58044?
0
What is the tens digit of 946?
4
What is the units digit of 2847?
7
What is the units digit of 4211?
1
What is the units digit of 211?
1
What is the tens digit of 11527?
2
What is the hundreds digit of 1529?
5
What is the units digit of 2400?
0
What is the thousands digit of 13714?
3
What is the hundreds digit of 2297?
2
What is the thousands digit of 1511?
1
What is the thousands digit of 7048?
7
What is the hundreds digit of 31710?
7
What is the thousands digit of 103999?
3
What is the hundreds digit of 2950?
9
What is the units digit of 91950?
0
What is the thousands digit of 40401?
0
What is the units digit of 218?
8
What is the tens digit of 498?
9
What is the hundreds digit of 2126?
1
What is the tens digit of 53083?
8
What is the units digit of 542?
2
What is the units digit of 88649?
9
What is the thousands digit of 50904?
0
What is the hundreds digit of 174?
1
What is the hundreds digit of 92804?
8
What is the tens digit of 7356?
5
What is the tens digit of 341?
4
What is the units digit of 964?
4
What is the hundreds digit of 9115?
1
What is the units digit of 452?
2
What is the hundreds digit of 75241?
2
What is the hundreds digit of 144844?
8
What is the hundreds digit of 4730?
7
What is the hundreds digit of 1398?
3
What is the tens digit of 15588?
8
What is the units digit of 4469?
9
What is the tens digit of 188?
8
What is the thousands digit of 7920?
7
What is the thousands digit of 3355?
3
What is the ten thousands digit of 50850?
5
What is the units digit of 2373?
3
What is the ten thousands digit of 11924?
1
What is the hundreds digit of 3780?
7
What is the thousands digit of 12359?
2
What is the thousands digit of 1834?
1
What is the hundreds digit of 3874?
8
What is the hundreds digit of 917?
9
What is the units digit of 9401?
1
What is the tens digit of 463?
6
What is the tens digit of 8000?
0
What is the thousands digit of 1064?
1
What is the units digit of 692?
2
What is the tens digit of 6966?
6
What is the tens digit of 602?
0
What is the thousands digit of 1287?
1
What is the units digit of 1708?
8
What is the hundred thousands digit of 106975?
1
What is the hundreds digit of 59239?
2
What is the tens digit of 768?
6
What is the hundreds digit of 4367?
3
What is the tens digit of 1795?
9
What is the hundreds digit of 53462?
4
What is the hundreds digit of 2758?
7
What is the ten thousands digit of 33726?
3
What is the thousands digit of 75041?
5
What is the ten thousands digit of 22342?
2
What is the tens digit of 19146?
4
What is the hundreds digit of 99390?
3
What is the hundreds digit of 15590?
5
What is the units digit of 5478?
8
What is the hundreds digit of 11605?
6
What is the ten thousands digit of 25114?
2
What is the hundred thousands digit of 188130?
1
What is the units digit of 144645?
5
What is the thousands digit of 39992?
9
What is the hundreds digit of 4071?
0
What is the ten thousands digit of 61669?
6
What is the hundreds digit of 171?
1
What is the tens digit of 860?
6
What is the tens digit of 481?
8
What is the ten thousands digit of 159642?
5
What 